[INFO] fetching crate minidump-stackwalk 0.17.0...
[INFO] checking minidump-stackwalk-0.17.0 against master#e6e4f7ed1589e03bc2f6c5931c1a72e7947e8682 for beta-170-4
[INFO] extracting crate minidump-stackwalk 0.17.0 into /workspace/builds/worker-4-tc2/source
[INFO] validating manifest of crates.io crate minidump-stackwalk 0.17.0 on toolchain e6e4f7ed1589e03bc2f6c5931c1a72e7947e8682
[INFO] running `Command { std: CARGO_HOME="/workspace/cargo-home" RUSTUP_HOME="/workspace/rustup-home" "/workspace/cargo-home/bin/cargo" "+e6e4f7ed1589e03bc2f6c5931c1a72e7947e8682" "metadata" "--manifest-path" "Cargo.toml" "--no-deps", kill_on_drop: false }`
[INFO] started tweaking crates.io crate minidump-stackwalk 0.17.0
[INFO] finished tweaking crates.io crate minidump-stackwalk 0.17.0
[INFO] tweaked toml for crates.io crate minidump-stackwalk 0.17.0 written to /workspace/builds/worker-4-tc2/source/Cargo.toml
[INFO] crate crates.io crate minidump-stackwalk 0.17.0 already has a lockfile, it will not be regenerated
[INFO] running `Command { std: CARGO_HOME="/workspace/cargo-home" RUSTUP_HOME="/workspace/rustup-home" "/workspace/cargo-home/bin/cargo" "+e6e4f7ed1589e03bc2f6c5931c1a72e7947e8682" "fetch" "--manifest-path" "Cargo.toml", kill_on_drop: false }`
[INFO] running `Command { std: "docker" "create" "-v" "/var/lib/crater-agent-workspace/builds/worker-4-tc2/target:/opt/rustwide/target:rw,Z" "-v" "/var/lib/crater-agent-workspace/builds/worker-4-tc2/source:/opt/rustwide/workdir:ro,Z" "-v" "/var/lib/crater-agent-workspace/cargo-home:/opt/rustwide/cargo-home:ro,Z" "-v" "/var/lib/crater-agent-workspace/rustup-home:/opt/rustwide/rustup-home:ro,Z" "-e" "SOURCE_DIR=/opt/rustwide/workdir" "-e" "CARGO_TARGET_DIR=/opt/rustwide/target" "-e" "CARGO_HOME=/opt/rustwide/cargo-home" "-e" "RUSTUP_HOME=/opt/rustwide/rustup-home" "-w" "/opt/rustwide/workdir" "-m" "1610612736" "--user" "0:0" "--network" "none" "ghcr.io/rust-lang/crates-build-env/linux@sha256:19e73879b68f455e41552ea35293514db52ea292d993f571636dbffedb77a1ee" "/opt/rustwide/cargo-home/bin/cargo" "+e6e4f7ed1589e03bc2f6c5931c1a72e7947e8682" "metadata" "--no-deps" "--format-version=1", kill_on_drop: false }`
[INFO] [stdout] 355fde5294eae5e22aebb87c9a9650e5905edb60074371768e23827ef94cbb78
[INFO] running `Command { std: "docker" "start" "-a" "355fde5294eae5e22aebb87c9a9650e5905edb60074371768e23827ef94cbb78", kill_on_drop: false }`
[INFO] running `Command { std: "docker" "inspect" "355fde5294eae5e22aebb87c9a9650e5905edb60074371768e23827ef94cbb78", kill_on_drop: false }`
[INFO] running `Command { std: "docker" "rm" "-f" "355fde5294eae5e22aebb87c9a9650e5905edb60074371768e23827ef94cbb78", kill_on_drop: false }`
[INFO] [stdout] 355fde5294eae5e22aebb87c9a9650e5905edb60074371768e23827ef94cbb78
[INFO] running `Command { std: "docker" "create" "-v" "/var/lib/crater-agent-workspace/builds/worker-4-tc2/target:/opt/rustwide/target:rw,Z" "-v" "/var/lib/crater-agent-workspace/builds/worker-4-tc2/source:/opt/rustwide/workdir:ro,Z" "-v" "/var/lib/crater-agent-workspace/cargo-home:/opt/rustwide/cargo-home:ro,Z" "-v" "/var/lib/crater-agent-workspace/rustup-home:/opt/rustwide/rustup-home:ro,Z" "-e" "SOURCE_DIR=/opt/rustwide/workdir" "-e" "CARGO_TARGET_DIR=/opt/rustwide/target" "-e" "CARGO_INCREMENTAL=0" "-e" "RUST_BACKTRACE=full" "-e" "RUSTFLAGS=--cap-lints=forbid" "-e" "RUSTDOCFLAGS=--cap-lints=forbid" "-e" "CARGO_HOME=/opt/rustwide/cargo-home" "-e" "RUSTUP_HOME=/opt/rustwide/rustup-home" "-w" "/opt/rustwide/workdir" "-m" "1610612736" "--user" "0:0" "--network" "none" "ghcr.io/rust-lang/crates-build-env/linux@sha256:19e73879b68f455e41552ea35293514db52ea292d993f571636dbffedb77a1ee" "/opt/rustwide/cargo-home/bin/cargo" "+e6e4f7ed1589e03bc2f6c5931c1a72e7947e8682" "check" "--frozen" "--all" "--all-targets" "--message-format=json", kill_on_drop: false }`
[INFO] [stdout] 5aab958637ec5bdd9f7a0723ae8294e65ccb6741225a6f263f46e0b52af6f433
[INFO] running `Command { std: "docker" "start" "-a" "5aab958637ec5bdd9f7a0723ae8294e65ccb6741225a6f263f46e0b52af6f433", kill_on_drop: false }`
[INFO] [stderr]    Compiling proc-macro2 v1.0.56
[INFO] [stderr]    Compiling quote v1.0.27
[INFO] [stderr]    Compiling unicode-ident v1.0.8
[INFO] [stderr]     Checking once_cell v1.17.1
[INFO] [stderr]    Compiling serde_derive v1.0.162
[INFO] [stderr]    Compiling serde v1.0.162
[INFO] [stderr]    Compiling syn v1.0.109
[INFO] [stderr]     Checking uuid v1.3.2
[INFO] [stderr]     Checking parking_lot_core v0.9.7
[INFO] [stderr]     Checking signal-hook-registry v1.4.1
[INFO] [stderr]    Compiling indexmap v1.9.3
[INFO] [stderr]    Compiling ring v0.16.20
[INFO] [stderr]    Compiling crc32fast v1.3.2
[INFO] [stderr]    Compiling tokio v1.27.0
[INFO] [stderr]    Compiling io-lifetimes v1.0.9
[INFO] [stderr]     Checking adler v1.0.2
[INFO] [stderr]     Checking miniz_oxide v0.7.1
[INFO] [stderr]     Checking mio v0.8.6
[INFO] [stderr]     Checking tracing-core v0.1.30
[INFO] [stderr]     Checking socket2 v0.4.9
[INFO] [stderr]     Checking parking_lot v0.12.1
[INFO] [stderr]     Checking num_cpus v1.15.0
[INFO] [stderr]    Compiling rustix v0.36.11
[INFO] [stderr]     Checking spin v0.5.2
[INFO] [stderr]     Checking stable_deref_trait v1.2.0
[INFO] [stderr]     Checking untrusted v0.7.1
[INFO] [stderr]     Checking memmap2 v0.5.10
[INFO] [stderr]    Compiling futures-util v0.3.28
[INFO] [stderr]     Checking url v2.3.1
[INFO] [stderr]    Compiling rustls v0.20.8
[INFO] [stderr]     Checking fallible-iterator v0.2.0
[INFO] [stderr]     Checking nom v7.1.3
[INFO] [stderr]     Checking inplace-vec-builder v0.1.1
[INFO] [stderr]     Checking leb128 v0.2.5
[INFO] [stderr]     Checking binary-merge v0.1.2
[INFO] [stderr]    Compiling parking_lot_core v0.8.6
[INFO] [stderr]     Checking brownstone v3.0.0
[INFO] [stderr]     Checking flate2 v1.0.26
[INFO] [stderr]     Checking want v0.3.0
[INFO] [stderr]     Checking futures-channel v0.3.28
[INFO] [stderr]     Checking range-collections v0.2.4
[INFO] [stderr]     Checking elsa v1.8.1
[INFO] [stderr]    Compiling num-traits v0.2.15
[INFO] [stderr]     Checking aho-corasick v1.0.1
[INFO] [stderr]     Checking instant v0.1.12
[INFO] [stderr]     Checking joinery v2.1.0
[INFO] [stderr]     Checking indent_write v2.2.0
[INFO] [stderr]     Checking maybe-owned v0.3.4
[INFO] [stderr]    Compiling cpp_demangle v0.4.1
[INFO] [stderr]     Checking regex-syntax v0.7.1
[INFO] [stderr]     Checking plain v0.2.3
[INFO] [stderr]     Checking gimli v0.27.2
[INFO] [stderr]     Checking bitvec v1.0.1
[INFO] [stderr]     Checking range-map v0.2.0
[INFO] [stderr]     Checking wasmparser v0.102.0
[INFO] [stderr]     Checking mio v0.7.14
[INFO] [stderr]     Checking encoding_rs v0.8.32
[INFO] [stderr]     Checking zip v0.6.5
[INFO] [stderr]    Compiling syn v2.0.15
[INFO] [stderr]    Compiling symbolic-demangle v12.1.3
[INFO] [stderr]     Checking dmsort v1.0.2
[INFO] [stderr]     Checking base64 v0.21.0
[INFO] [stderr]     Checking parking_lot v0.11.2
[INFO] [stderr]     Checking signal-hook v0.1.17
[INFO] [stderr]     Checking msvc-demangler v0.9.0
[INFO] [stderr]     Checking rustc-demangle v0.1.23
[INFO] [stderr]     Checking rustls-pemfile v1.0.2
[INFO] [stderr]     Checking fastrand v1.9.0
[INFO] [stderr]     Checking colorchoice v1.0.0
[INFO] [stderr]     Checking utf8parse v0.2.1
[INFO] [stderr]     Checking mime v0.3.17
[INFO] [stderr]     Checking time-core v0.1.1
[INFO] [stderr]     Checking ipnet v2.7.2
[INFO] [stderr]     Checking nom-supreme v0.8.0
[INFO] [stderr]     Checking time v0.3.21
[INFO] [stderr]     Checking anstyle-parse v0.1.1
[INFO] [stderr]     Checking concolor-override v1.1.0
[INFO] [stderr]     Checking crossterm v0.19.0
[INFO] [stderr]    Compiling yaxpeax-x86 v1.1.5
[INFO] [stderr]     Checking circular v0.3.0
[INFO] [stderr]    Compiling portable-atomic v0.3.19
[INFO] [stderr]     Checking concolor-query v0.3.3
[INFO] [stderr]     Checking anstyle v0.3.5
[INFO] [stderr]     Checking console v0.15.5
[INFO] [stderr]     Checking clap_lex v0.4.1
[INFO] [stderr]     Checking cachemap2 v0.2.0
[INFO] [stderr]     Checking tracing-log v0.1.3
[INFO] [stderr]     Checking thread_local v1.1.7
[INFO] [stderr]     Checking tempfile v3.4.0
[INFO] [stderr]     Checking regex v1.8.1
[INFO] [stderr]     Checking is-terminal v0.4.5
[INFO] [stderr]     Checking terminal_size v0.2.5
[INFO] [stderr]     Checking anstream v0.2.6
[INFO] [stderr]     Checking number_prefix v0.4.0
[INFO] [stderr]     Checking yaml-rust v0.4.5
[INFO] [stderr]     Checking similar v2.2.1
[INFO] [stderr]     Checking test-assembler v0.1.6
[INFO] [stderr]     Checking tracing-subscriber v0.3.17
[INFO] [stderr]     Checking clap_builder v4.2.1
[INFO] [stderr]     Checking webpki v0.22.0
[INFO] [stderr]     Checking sct v0.7.0
[INFO] [stderr]     Checking insta v1.29.0
[INFO] [stderr]     Checking indicatif v0.17.3
[INFO] [stderr]     Checking webpki-roots v0.22.6
[INFO] [stderr]    Compiling scroll_derive v0.11.0
[INFO] [stderr]    Compiling enum-primitive-derive v0.2.2
[INFO] [stderr]    Compiling smart-default v0.6.0
[INFO] [stderr]     Checking scroll v0.11.0
[INFO] [stderr]     Checking pdb v0.8.0
[INFO] [stderr]     Checking goblin v0.6.1
[INFO] [stderr]    Compiling tokio-macros v2.0.0
[INFO] [stderr]    Compiling thiserror-impl v1.0.40
[INFO] [stderr]    Compiling tracing-attributes v0.1.24
[INFO] [stderr]    Compiling futures-macro v0.3.28
[INFO] [stderr]    Compiling async-trait v0.1.68
[INFO] [stderr]    Compiling clap_derive v4.2.0
[INFO] [stderr]     Checking thiserror v1.0.40
[INFO] [stderr]     Checking tracing v0.1.37
[INFO] [stderr]     Checking watto v0.1.0
[INFO] [stderr]     Checking pdb-addr2line v0.10.4
[INFO] [stderr]     Checking clap v4.2.1
[INFO] [stderr]     Checking tokio-util v0.7.8
[INFO] [stderr]     Checking tokio-rustls v0.23.4
[INFO] [stderr]     Checking async-compression v0.3.15
[INFO] [stderr]     Checking h2 v0.3.18
[INFO] [stderr]     Checking debugid v0.8.0
[INFO] [stderr]     Checking serde_json v1.0.96
[INFO] [stderr]     Checking string_cache v0.8.7
[INFO] [stderr]     Checking serde_urlencoded v0.7.1
[INFO] [stderr]     Checking yaxpeax-arch v0.2.7
[INFO] [stderr]     Checking symbolic-common v12.1.3
[INFO] [stderr]     Checking minidump-common v0.17.0
[INFO] [stderr]     Checking elementtree v1.2.3
[INFO] [stderr]     Checking symbolic-ppdb v12.1.3
[INFO] [stderr]     Checking symbolic-debuginfo v12.1.3
[INFO] [stderr]     Checking hyper v0.14.26
[INFO] [stderr]     Checking symbolic-cfi v12.1.3
[INFO] [stderr]     Checking symbolic v12.1.3
[INFO] [stderr]     Checking hyper-rustls v0.23.2
[INFO] [stderr]     Checking reqwest v0.11.17
[INFO] [stderr]     Checking breakpad-symbols v0.17.0
[INFO] [stderr]     Checking minidump v0.17.0
[INFO] [stderr]     Checking minidump-unwind v0.17.0
[INFO] [stderr]     Checking minidump-processor v0.17.0
[INFO] [stderr]     Checking minidump-stackwalk v0.17.0 (/opt/rustwide/workdir)
[INFO] [stdout] error[E0432]: unresolved import `minidump_synth`
[INFO] [stdout]   --> tests/test-minidump-stackwalk.rs:18:5
[INFO] [stdout]    |
[INFO] [stdout] 18 | use minidump_synth::*;
[INFO] [stdout]    |     ^^^^^^^^^^^^^^ use of undeclared crate or module `minidump_synth`
[INFO] [stdout] 
[INFO] [stdout] 
[INFO] [stdout] error[E0412]: cannot find type `SynthMinidump` in this scope
[INFO] [stdout]    --> tests/test-minidump-stackwalk.rs:651:26
[INFO] [stdout]     |
[INFO] [stdout] 651 | fn minimal_minidump() -> SynthMinidump {
[INFO] [stdout]     |                          ^^^^^^^^^^^^^ not found in this scope
[INFO] [stdout] 
[INFO] [stdout] 
[INFO] [stdout] error[E0433]: failed to resolve: use of undeclared type `Thread`
[INFO] [stdout]    --> tests/test-minidump-stackwalk.rs:657:18
[INFO] [stdout]     |
[INFO] [stdout] 657 |     let thread = Thread::new(Endian::Little, 0x1234, &stack, &context);
[INFO] [stdout]     |                  ^^^^^^ use of undeclared type `Thread`
[INFO] [stdout]     |
[INFO] [stdout] help: consider importing this struct
[INFO] [stdout]     |
[INFO] [stdout] 18  + use std::thread::Thread;
[INFO] [stdout]     |
[INFO] [stdout] 
[INFO] [stdout] 
[INFO] [stdout] error[E0433]: failed to resolve: use of undeclared type `SystemInfo`
[INFO] [stdout]    --> tests/test-minidump-stackwalk.rs:658:23
[INFO] [stdout]     |
[INFO] [stdout] 658 |     let system_info = SystemInfo::new(Endian::Little);
[INFO] [stdout]     |                       ^^^^^^^^^^ use of undeclared type `SystemInfo`
[INFO] [stdout]     |
[INFO] [stdout] help: consider importing this struct
[INFO] [stdout]     |
[INFO] [stdout] 18  + use minidump_unwind::SystemInfo;
[INFO] [stdout]     |
[INFO] [stdout] 
[INFO] [stdout] 
[INFO] [stdout] error[E0433]: failed to resolve: use of undeclared crate or module `minidump_synth`
[INFO] [stdout]    --> tests/test-minidump-stackwalk.rs:652:19
[INFO] [stdout]     |
[INFO] [stdout] 652 |     let context = minidump_synth::x86_context(Endian::Little, 0xf00800, 0x1010);
[INFO] [stdout]     |                   ^^^^^^^^^^^^^^ use of undeclared crate or module `minidump_synth`
[INFO] [stdout] 
[INFO] [stdout] 
[INFO] [stdout] error[E0433]: failed to resolve: use of undeclared type `Memory`
[INFO] [stdout]    --> tests/test-minidump-stackwalk.rs:653:17
[INFO] [stdout]     |
[INFO] [stdout] 653 |     let stack = Memory::with_section(
[INFO] [stdout]     |                 ^^^^^^ use of undeclared type `Memory`
[INFO] [stdout]     |
[INFO] [stdout] help: there is an enum variant `minidump::UnifiedMemory::Memory` and 1 other; try using the variant's enum
[INFO] [stdout]     |
[INFO] [stdout] 653 |     let stack = minidump::UnifiedMemory(
[INFO] [stdout]     |                 ~~~~~~~~~~~~~~~~~~~~~~~
[INFO] [stdout] 653 |     let stack = minidump::UnifiedMemoryList(
[INFO] [stdout]     |                 ~~~~~~~~~~~~~~~~~~~~~~~~~~~
[INFO] [stdout] 
[INFO] [stdout] 
[INFO] [stdout] error[E0433]: failed to resolve: use of undeclared type `SynthMinidump`
[INFO] [stdout]    --> tests/test-minidump-stackwalk.rs:659:5
[INFO] [stdout]     |
[INFO] [stdout] 659 |     SynthMinidump::with_endian(Endian::Little)
[INFO] [stdout]     |     ^^^^^^^^^^^^^ use of undeclared type `SynthMinidump`
[INFO] [stdout] 
[INFO] [stdout] 
[INFO] [stdout] error[E0433]: failed to resolve: use of undeclared type `DumpString`
[INFO] [stdout]    --> tests/test-minidump-stackwalk.rs:671:21
[INFO] [stdout]     |
[INFO] [stdout] 671 |     let mod1_name = DumpString::new("many.dll", Endian::Little);
[INFO] [stdout]     |                     ^^^^^^^^^^ use of undeclared type `DumpString`
[INFO] [stdout] 
[INFO] [stdout] 
[INFO] [stdout] error[E0433]: failed to resolve: use of undeclared type `DumpString`
[INFO] [stdout]    --> tests/test-minidump-stackwalk.rs:672:21
[INFO] [stdout]     |
[INFO] [stdout] 672 |     let mod2_name = DumpString::new("solo.dll", Endian::Little);
[INFO] [stdout]     |                     ^^^^^^^^^^ use of undeclared type `DumpString`
[INFO] [stdout] 
[INFO] [stdout] 
[INFO] [stdout] error[E0433]: failed to resolve: use of undeclared type `DumpString`
[INFO] [stdout]    --> tests/test-minidump-stackwalk.rs:673:21
[INFO] [stdout]     |
[INFO] [stdout] 673 |     let mod3_name = DumpString::new("unused.dll", Endian::Little);
[INFO] [stdout]     |                     ^^^^^^^^^^ use of undeclared type `DumpString`
[INFO] [stdout] 
[INFO] [stdout] 
[INFO] [stdout] error[E0433]: failed to resolve: use of undeclared type `UnloadedModule`
[INFO] [stdout]    --> tests/test-minidump-stackwalk.rs:676:18
[INFO] [stdout]     |
[INFO] [stdout] 676 |     let mod1_1 = UnloadedModule::new(
[INFO] [stdout]     |                  ^^^^^^^^^^^^^^ use of undeclared type `UnloadedModule`
[INFO] [stdout] 
[INFO] [stdout] 
[INFO] [stdout] error[E0433]: failed to resolve: use of undeclared type `UnloadedModule`
[INFO] [stdout]    --> tests/test-minidump-stackwalk.rs:684:18
[INFO] [stdout]     |
[INFO] [stdout] 684 |     let mod1_2 = UnloadedModule::new(
[INFO] [stdout]     |                  ^^^^^^^^^^^^^^ use of undeclared type `UnloadedModule`
[INFO] [stdout] 
[INFO] [stdout] 
[INFO] [stdout] error[E0433]: failed to resolve: use of undeclared type `UnloadedModule`
[INFO] [stdout]    --> tests/test-minidump-stackwalk.rs:692:18
[INFO] [stdout]     |
[INFO] [stdout] 692 |     let mod1_3 = UnloadedModule::new(
[INFO] [stdout]     |                  ^^^^^^^^^^^^^^ use of undeclared type `UnloadedModule`
[INFO] [stdout] 
[INFO] [stdout] 
[INFO] [stdout] error[E0433]: failed to resolve: use of undeclared type `UnloadedModule`
[INFO] [stdout]    --> tests/test-minidump-stackwalk.rs:701:18
[INFO] [stdout]     |
[INFO] [stdout] 701 |     let mod1_4 = UnloadedModule::new(
[INFO] [stdout]     |                  ^^^^^^^^^^^^^^ use of undeclared type `UnloadedModule`
[INFO] [stdout] 
[INFO] [stdout] 
[INFO] [stdout] error[E0433]: failed to resolve: use of undeclared type `UnloadedModule`
[INFO] [stdout]    --> tests/test-minidump-stackwalk.rs:710:18
[INFO] [stdout]     |
[INFO] [stdout] 710 |     let mod2_1 = UnloadedModule::new(
[INFO] [stdout]     |                  ^^^^^^^^^^^^^^ use of undeclared type `UnloadedModule`
[INFO] [stdout] 
[INFO] [stdout] 
[INFO] [stdout] error[E0433]: failed to resolve: use of undeclared type `UnloadedModule`
[INFO] [stdout]    --> tests/test-minidump-stackwalk.rs:719:18
[INFO] [stdout]     |
[INFO] [stdout] 719 |     let mod2_2 = UnloadedModule::new(
[INFO] [stdout]     |                  ^^^^^^^^^^^^^^ use of undeclared type `UnloadedModule`
[INFO] [stdout] 
[INFO] [stdout] 
[INFO] [stdout] error[E0433]: failed to resolve: use of undeclared type `UnloadedModule`
[INFO] [stdout]    --> tests/test-minidump-stackwalk.rs:728:18
[INFO] [stdout]     |
[INFO] [stdout] 728 |     let mod2_3 = UnloadedModule::new(
[INFO] [stdout]     |                  ^^^^^^^^^^^^^^ use of undeclared type `UnloadedModule`
[INFO] [stdout] 
[INFO] [stdout] 
[INFO] [stdout] error[E0433]: failed to resolve: use of undeclared type `UnloadedModule`
[INFO] [stdout]    --> tests/test-minidump-stackwalk.rs:737:16
[INFO] [stdout]     |
[INFO] [stdout] 737 |     let mod3 = UnloadedModule::new(
[INFO] [stdout]     |                ^^^^^^^^^^^^^^ use of undeclared type `UnloadedModule`
[INFO] [stdout] 
[INFO] [stdout] 
[INFO] [stdout] error: aborting due to 18 previous errors
[INFO] [stdout] 
[INFO] [stdout] 
[INFO] [stdout] Some errors have detailed explanations: E0412, E0432, E0433.
[INFO] [stdout] 
[INFO] [stdout] For more information about an error, try `rustc --explain E0412`.
[INFO] [stdout] 
[INFO] [stderr] error: could not compile `minidump-stackwalk` (test "test-minidump-stackwalk") due to 19 previous errors
[INFO] [stderr] warning: build failed, waiting for other jobs to finish...
[INFO] running `Command { std: "docker" "inspect" "5aab958637ec5bdd9f7a0723ae8294e65ccb6741225a6f263f46e0b52af6f433", kill_on_drop: false }`
[INFO] running `Command { std: "docker" "rm" "-f" "5aab958637ec5bdd9f7a0723ae8294e65ccb6741225a6f263f46e0b52af6f433", kill_on_drop: false }`
[INFO] [stdout] 5aab958637ec5bdd9f7a0723ae8294e65ccb6741225a6f263f46e0b52af6f433
